2?
2
What is the tens digit of 371808403?
0
What is the ten millions digit of 1887022027?
8
What is the hundreds digit of 37926150?
1
What is the millions digit of 105541584?
5
What is the ten millions digit of 151527370?
5
What is the thousands digit of 1991457212?
7
What is the tens digit of 257187406?
0
What is the ten millions digit of 215975880?
1
What is the hundred thousands digit of 28113923?
1
What is the hundreds digit of 122711906?
9
What is the ten millions digit of 11160707?
1
What is the millions digit of 75756614?
5
What is the hundred thousands digit of 37141169?
1
What is the hundreds digit of 2225421777?
7
What is the hundred thousands digit of 38419536?
4
What is the millions digit of 2383478721?
3
What is the ten millions digit of 26280679?
2
What is the billions digit of 1643040864?
1
What is the hundreds digit of 128926055?
0
What is the millions digit of 370720194?
0
What is the hundreds digit of 1290907057?
0
What is the ten thousands digit of 685404488?
0
What is the thousands digit of 792705083?
5
What is the thousands digit of 770801980?
1
What is the millions digit of 95794876?
5
What is the millions digit of 15288392?
5
What is the hundred millions digit of 2367506063?
3
What is the ten millions digit of 258898669?
5
What is the hundred thousands digit of 135184074?
1
What is the hundred thousands digit of 45584517?
5
What is the thousands digit of 16519677?
9
What is the millions digit of 2000425849?
0
What is the millions digit of 378296321?
8
What is the hundreds digit of 230308233?
2
What is the tens digit of 1204335047?
4
What is the millions digit of 3452373944?
2
What is the ten thousands digit of 187722953?
2
What is the thousands digit of 1168255321?
5
What is the tens digit of 624066573?
7
What is the thousands digit of 187279429?
9
What is the tens digit of 65206122?
2
What is the ten thousands digit of 1771757605?
5
What is the units digit of 231379882?
2
What is the millions digit of 262040131?
2
What is the millions digit of 245334890?
5
What is the tens digit of 1240092224?
2
What is the millions digit of 1783525?
1
What is the hundreds digit of 113660090?
0
What is the ten millions digit of 282539215?
8
What is the tens digit of 68592576?
7
What is the thousands digit of 388617386?
7
What is the hundreds digit of 822564130?
1
What is the tens digit of 168455567?
6
What is the millions digit of 171284605?
1
What is the millions digit of 145512321?
5
What is the hundreds digit of 255756404?
4
What is the hundreds digit of 2816211752?
7
What is the hundred thousands digit of 942028226?
0
What is the millions digit of 174465142?
4
What is the ten millions digit of 1117166826?
1
What is the tens digit of 73216692?
9
What is the hundreds digit of 125854586?
5
What is the hundreds digit of 6238565?
5
What is the units digit of 320764220?
0
What is the hundred millions digit of 248956889?
2
What is the units digit of 16887584?
4
What is the ten thousands digit of 4121886?
2
What is the ten thousands digit of 83071780?
7
What is the tens digit of 86201607?
0
What is the units digit of 1201922138?
8
What is the ten millions digit of 678463905?
7
What is the hundred millions digit of 6487836716?
4
What is the ten thousands digit of 109296840?
9
What is the ten thousands digit of 463261994?
6
What is the ten thousands digit of 112507127?
0
What is the ten thousands digit of 48344996?
4
What is the units digit of 433452186?
6
What is the units digit of 33977572?
2
What is the hundred thousands digit of 4538629541?
6
What is the tens digit of 650684880?
8
What is the ten thousands digit of 21146009?
4
What is the ten thousands digit of 204545784?
4
What is the hundred millions digit of 3120748555?
1
What is the hundred millions digit of 750379285?
7
What is the thousands digit of 190828680?
8
What is the hundred thousands digit of 103195265?
1
What is the ten millions digit of 1383461854?
8
What is the billions digit of 2241158876?
2
What is the ten thousands digit of 504055759?
5
What is the units digit of 4396455715?
5
What is the hundreds digit of 35984788?
7
What is the hundred thousands digit of 57280246?
2
What is the thousands digit of 182940516?
0
What is the millions digit of 28182695?
8
What is the thousands digit of 28104306?
4
What is the hundred millions digit of 147120918?
1
What is the hundred thousands digit of 440787027?
7
What is the tens digit of 373129340?
4
What is the thousands digit of 342395011?
5
What is the millions digit of 2809324638?
9
What is the hundreds digit of 445739449?
4
What is the hundred thousands digit of 1444869720?
8
What is the hundred thousands digit of 16257868?
2
What is the thousands digit of 583607212?
7
What is the thousands digit of 4978503?
8
What is the thousands digit of 3784609106?
9
What is the tens digit of 2130579362?
6
What is the tens digit of 1776849941?
4
What is the tens digit of 48078388?
8
What is the ten thousands digit of 82393896?
9
What is the tens digit of 74339570?
7
What is the units digit of 621081725?
5
What is the tens digit of 150574865?
6
What is the thousands digit of 677538532?
8
What is the ten thousands digit of 95572995?
7
What is the thousands digit of 18566095?
6
What is the hundred millions digit of 775105178?
7
What is the thousands digit of 497828977?
8
What is the ten thousands digit of 46928889?
2
What is the thousands digit of 5890910?
0
What is the millions digit of 43442548?
3
What is the tens digit of 259606269?
6
What is the millions digit of 353930713?
3
What is the hundreds digit of 196010726?
7
What is the hundred thousands digit of 1428082636?
0
What is the hundred millions digit of 213243735?
2
What is the hundreds digit of 2649952725?
7
What is the millions digit of 808572213?
8
What is the ten millions digit of 392260995?
9
What is the units digit of 659116868?
8
What is the ten millions digit of 203751483?
0
What is the thousands digit of 8562838?
2
What is the ten thousands digit of 39536466?
3
What is the thousands digit of 84221808?
1
What is the ten millions digit of 28390809?
2
What is the units digit of 350259185?
5
What is the ten millions digit of 77055150?
7
What is the millions digit of 3541571375?
1
What is the ten millions digit of 71265240?
7
What is the hundred thousands digit of 36920495?
9
What is the thousands digit of 59855241?
5
What is the ten millions digit of 5005994108?
0
What is the ten thousands digit of 253681701?
8
What is the hundreds digit of 1019884088?
0
What is the hundred thousands digit of 8300006?
3
What is the ten thousands digit of 112710167?
1
What is the millions digit of 417479403?
7
What is the thousands digit of 246808813?
8
What is the billions digit of 2481119177?
2
What is the hundreds digit of 9149760135?
1
What is the ten millions digit of 162650424?
6
What is the hundreds digit of 128415326?
3
What is the thousands digit of 25322636?
2
What is the thousands digit of 6522099112?
9
What is the millions digit of 2073700726?
3
What is the thousands digit of 1218645832?
5
What is the thousands digit of 2304605968?
5
What is the thousands digit of 2394297029?
7
What is the thousands digit of 7639022?
9
What is the hundreds digit of 949276601?
6
What is the hundred thousands digit of 68886381?
8
What is the tens digit of 110262830?
3
What is the ten millions digit of 423293034?
2
What is the ten thousands digit of 1843613368?
1
What is the thousands digit of 89247673?
7
What is the hundreds digit of 12153135?
1
What is the tens digit of 331510928?
2
What is the hundreds digit of 49165476?
4
What is the thousands digit of 483286265?
6
What is the units digit of 784049316?
6
What is the thousands digit of 348625825?
5
What is the units digit of 396071687?
7
What is the millions digit of 161977221?
1
What is the units digit of 4559608850?
0
What is the units digit of 155147042?
2
What is the tens digit of 702360186?
8
What is the hundred thousands digit of 852824551?
8
What is the ten thousands digit of 8929590?
2
What is the millions digit of 68685373?
8
What is the millions digit of 84296237?
4
What is the thousands digit of 2343986577?
6
What is the ten thousands digit of 163211139?
1
What is the hundred thousands digit of 3210270836?
2
What is the millions digit of 25